{"id":3764,"date":"2024-07-06T22:09:00","date_gmt":"2024-07-06T22:09:00","guid":{"rendered":"https:\/\/devlopack.com\/?page_id=3764"},"modified":"2024-07-09T11:57:49","modified_gmt":"2024-07-09T11:57:49","slug":"formulaire-devis","status":"publish","type":"page","link":"https:\/\/devlopack.com\/index.php\/formulaire-devis\/","title":{"rendered":"Formulaire Devis"},"content":{"rendered":"\t\t<div data-elementor-type=\"wp-page\" data-elementor-id=\"3764\" class=\"elementor elementor-3764\">\n\t\t\t\t<div class=\"elementor-element elementor-element-595f8b2 e-flex e-con-boxed wpr-particle-no wpr-jarallax-no wpr-parallax-no wpr-sticky-section-no e-con e-parent\" data-id=\"595f8b2\" data-element_type=\"container\">\n\t\t\t\t\t<div class=\"e-con-inner\">\n\t\t\t\t<div class=\"elementor-element elementor-element-7d358b4 elementor-widget elementor-widget-heading\" data-id=\"7d358b4\" data-element_type=\"widget\" data-widget_type=\"heading.default\">\n\t\t\t\t<div class=\"elementor-widget-container\">\n\t\t\t<style>\/*! elementor - v3.23.0 - 15-07-2024 *\/\n.elementor-heading-title{padding:0;margin:0;line-height:1}.elementor-widget-heading .elementor-heading-title[class*=elementor-size-]>a{color:inherit;font-size:inherit;line-height:inherit}.elementor-widget-heading .elementor-heading-title.elementor-size-small{font-size:15px}.elementor-widget-heading .elementor-heading-title.elementor-size-medium{font-size:19px}.elementor-widget-heading .elementor-heading-title.elementor-size-large{font-size:29px}.elementor-widget-heading .elementor-heading-title.elementor-size-xl{font-size:39px}.elementor-widget-heading .elementor-heading-title.elementor-size-xxl{font-size:59px}<\/style><h2 class=\"elementor-heading-title elementor-size-default\">Formulaire de Demande de Devis<\/h2>\t\t<\/div>\n\t\t\t\t<\/div>\n\t\t\t\t<div class=\"elementor-element elementor-element-6c7a07e elementor-widget elementor-widget-shortcode\" data-id=\"6c7a07e\" data-element_type=\"widget\" data-widget_type=\"shortcode.default\">\n\t\t\t\t<div class=\"elementor-widget-container\">\n\t\t\t\t\t<div class=\"elementor-shortcode\"><div class=\"forminator-ui forminator-custom-form forminator-custom-form-1530 forminator-design--flat  forminator_ajax\" data-forminator-render=\"0\" data-form=\"forminator-module-1530\" data-uid=\"69f472faefef6\"><br\/><\/div><form\n\t\t\t\tid=\"forminator-module-1530\"\n\t\t\t\tclass=\"forminator-ui forminator-custom-form forminator-custom-form-1530 forminator-design--flat  forminator_ajax\"\n\t\t\t\tmethod=\"post\"\n\t\t\t\tdata-forminator-render=\"0\"\n\t\t\t\tdata-form-id=\"1530\"\n\t\t\t\t\n\t\t\t\tdata-design=\"flat\"\n\t\t\t\t\n\t\t\t\t\n\t\t\t\t\n\t\t\t\tdata-grid=\"open\"\n\t\t\t\t\n\t\t\t\t\n\t\t\t\tstyle=\"display: none;\"\n\t\t\t\t\n\t\t\t\tdata-uid=\"69f472faefef6\"\n\t\t\t><div role=\"alert\" aria-live=\"polite\" class=\"forminator-response-message forminator-error\" aria-hidden=\"true\"><\/div><div class=\"forminator-row\"><div id=\"select-8\" class=\"forminator-field-select forminator-col forminator-col-12 \"><div class=\"forminator-field\"><select id=\"forminator-form-1530__field--select-8_69f472faefef6\" class=\"forminator-select--field forminator-select2\" data-required=\"\" name=\"select-8\" data-default-value=\"\" data-hidden-behavior=\"zero\" data-placeholder=\"\" data-search=\"false\" aria-labelledby=\"forminator-form-1530__field--select-8_69f472faefef6-label\" aria-describedby=\"forminator-form-1530__field--select-8_69f472faefef6-description\"><option value=\"Sac-Personnalisee\"  data-calculation=\"0\">Sac Personnalis\u00e9e<\/option><option value=\"Sac-avec-Bouchon\"  data-calculation=\"0\">Sac avec Bouchon<\/option><option value=\"Sac-Fond-Plat\"  data-calculation=\"0\">Sac Fond Plat<\/option><option value=\"Sac-3-Soudures\"  data-calculation=\"0\">Sac 3 Soudures<\/option><option value=\"Sac-Forme-H\"  data-calculation=\"0\">Sac Forme H<\/option><option value=\"Pompe-a-Gel\"  data-calculation=\"0\">Pompe a Gel<\/option><\/select><\/div><\/div><\/div><div class=\"forminator-row\"><div id=\"name-1\" class=\"forminator-field-name forminator-col forminator-col-4 \"><div class=\"forminator-field\"><label for=\"forminator-field-name-1_69f472faefef6\" id=\"forminator-field-name-1_69f472faefef6-label\" class=\"forminator-label\">Nom - Pr\u00e9nom <span class=\"forminator-required\">*<\/span><\/label><input type=\"text\" name=\"name-1\" value=\"\" placeholder=\"\" id=\"forminator-field-name-1_69f472faefef6\" class=\"forminator-input forminator-name--field\" aria-required=\"true\" \/><\/div><\/div><div id=\"phone-1\" class=\"forminator-field-phone forminator-col forminator-col-4 \"><div class=\"forminator-field\"><label for=\"forminator-field-phone-1_69f472faefef6\" id=\"forminator-field-phone-1_69f472faefef6-label\" class=\"forminator-label\">T\u00e9l\u00e9phone <span class=\"forminator-required\">*<\/span><\/label><input type=\"text\" name=\"phone-1\" value=\"\" placeholder=\"\" id=\"forminator-field-phone-1_69f472faefef6\" class=\"forminator-input forminator-field--phone\" data-required=\"1\" aria-required=\"true\" autocomplete=\"off\" data-national_mode=\"enabled\" data-country=\"dz\" data-validation=\"standard\" \/><\/div><\/div><div id=\"email-1\" class=\"forminator-field-email forminator-col forminator-col-4 \"><div class=\"forminator-field\"><label for=\"forminator-field-email-1_69f472faefef6\" id=\"forminator-field-email-1_69f472faefef6-label\" class=\"forminator-label\">E-Mail <span class=\"forminator-required\">*<\/span><\/label><input type=\"email\" name=\"email-1\" value=\"\" placeholder=\"\" id=\"forminator-field-email-1_69f472faefef6\" class=\"forminator-input forminator-email--field\" data-required=\"true\" aria-required=\"true\" \/><\/div><\/div><\/div><div class=\"forminator-row\"><div id=\"select-4\" class=\"forminator-field-select forminator-col forminator-col-4 \"><div class=\"forminator-field\"><label for=\"forminator-form-1530__field--select-4_69f472faefef6\" id=\"forminator-form-1530__field--select-4_69f472faefef6-label\" class=\"forminator-label\">Ouverture Facile<\/label><select id=\"forminator-form-1530__field--select-4_69f472faefef6\" class=\"forminator-select--field forminator-select2\" data-required=\"\" name=\"select-4\" data-default-value=\"\" data-hidden-behavior=\"zero\" data-placeholder=\"\" data-search=\"false\" aria-labelledby=\"forminator-form-1530__field--select-4_69f472faefef6-label\" aria-describedby=\"forminator-form-1530__field--select-4_69f472faefef6-description\"><option value=\"one\"  data-calculation=\"0\">Oui<\/option><option value=\"two\"  data-calculation=\"0\">Non<\/option><\/select><\/div><\/div><div id=\"select-3\" class=\"forminator-field-select forminator-col forminator-col-4 \"><div class=\"forminator-field\"><label for=\"forminator-form-1530__field--select-3_69f472faefef6\" id=\"forminator-form-1530__field--select-3_69f472faefef6-label\" class=\"forminator-label\">Fermeture ZIP<\/label><select id=\"forminator-form-1530__field--select-3_69f472faefef6\" class=\"forminator-select--field forminator-select2\" data-required=\"\" name=\"select-3\" data-default-value=\"\" data-hidden-behavior=\"zero\" data-placeholder=\"\" data-search=\"false\" aria-labelledby=\"forminator-form-1530__field--select-3_69f472faefef6-label\" aria-describedby=\"forminator-form-1530__field--select-3_69f472faefef6-description\"><option value=\"one\"  data-calculation=\"0\">Oui<\/option><option value=\"two\"  data-calculation=\"0\">Non<\/option><\/select><\/div><\/div><div id=\"select-5\" class=\"forminator-field-select forminator-col forminator-col-4 \"><div class=\"forminator-field\"><label for=\"forminator-form-1530__field--select-5_69f472faefef6\" id=\"forminator-form-1530__field--select-5_69f472faefef6-label\" class=\"forminator-label\">Type de Trou<\/label><select id=\"forminator-form-1530__field--select-5_69f472faefef6\" class=\"forminator-select--field forminator-select2\" data-required=\"\" name=\"select-5\" data-default-value=\"\" data-hidden-behavior=\"zero\" data-placeholder=\"\" data-search=\"false\" aria-labelledby=\"forminator-form-1530__field--select-5_69f472faefef6-label\" aria-describedby=\"forminator-form-1530__field--select-5_69f472faefef6-description\"><option value=\"Simple\"  data-calculation=\"0\">Europ\u00e9en<\/option><option value=\"one\"  data-calculation=\"0\">Rond<\/option><option value=\"two\"  data-calculation=\"0\">Sans Trou<\/option><\/select><\/div><\/div><\/div><div class=\"forminator-row\"><div id=\"number-1\" class=\"forminator-field-number forminator-col forminator-col-4 \"><div class=\"forminator-field\"><label for=\"forminator-field-number-1_69f472faefef6\" id=\"forminator-field-number-1_69f472faefef6-label\" class=\"forminator-label\">Hauteur (mm)<\/label><input name=\"number-1\" value=\"\" placeholder=\"en (mm)\" id=\"forminator-field-number-1_69f472faefef6\" class=\"forminator-input forminator-number--field\" inputmode=\"decimal\" data-required=\"\" data-decimals=\"0\" aria-required=\"false\" data-inputmask=\"&#039;groupSeparator&#039;: &#039;&#039;, &#039;radixPoint&#039;: &#039;&#039;, &#039;digits&#039;: &#039;0&#039;\" data-hidden-behavior=\"zero\" type=\"number\" step=\"any\" min=\"1\" max=\"999\" \/><\/div><\/div><div id=\"number-3\" class=\"forminator-field-number forminator-col forminator-col-4 \"><div class=\"forminator-field\"><label for=\"forminator-field-number-3_69f472faefef6\" id=\"forminator-field-number-3_69f472faefef6-label\" class=\"forminator-label\">Largeur (mm)<\/label><input name=\"number-3\" value=\"\" placeholder=\"en (mm)\" id=\"forminator-field-number-3_69f472faefef6\" class=\"forminator-input forminator-number--field\" inputmode=\"decimal\" data-required=\"\" data-decimals=\"0\" aria-required=\"false\" data-inputmask=\"&#039;groupSeparator&#039;: &#039;&#039;, &#039;radixPoint&#039;: &#039;&#039;, &#039;digits&#039;: &#039;0&#039;\" data-hidden-behavior=\"zero\" type=\"number\" step=\"any\" min=\"1\" max=\"999\" \/><\/div><\/div><div id=\"number-2\" class=\"forminator-field-number forminator-col forminator-col-4 \"><div class=\"forminator-field\"><label for=\"forminator-field-number-2_69f472faefef6\" id=\"forminator-field-number-2_69f472faefef6-label\" class=\"forminator-label\">Base (mm)<\/label><input name=\"number-2\" value=\"\" placeholder=\"en (mm)\" id=\"forminator-field-number-2_69f472faefef6\" class=\"forminator-input forminator-number--field\" inputmode=\"decimal\" data-required=\"\" data-decimals=\"0\" aria-required=\"false\" data-inputmask=\"&#039;groupSeparator&#039;: &#039;&#039;, &#039;radixPoint&#039;: &#039;&#039;, &#039;digits&#039;: &#039;0&#039;\" data-hidden-behavior=\"zero\" type=\"number\" step=\"any\" min=\"1\" max=\"999\" \/><\/div><\/div><\/div><div class=\"forminator-row\"><div id=\"select-6\" class=\"forminator-field-select forminator-col forminator-col-4 \"><div class=\"forminator-field\"><label for=\"forminator-form-1530__field--select-6_69f472faefef6\" id=\"forminator-form-1530__field--select-6_69f472faefef6-label\" class=\"forminator-label\">Arrondi<\/label><select id=\"forminator-form-1530__field--select-6_69f472faefef6\" class=\"forminator-select--field forminator-select2\" data-required=\"\" name=\"select-6\" data-default-value=\"\" data-hidden-behavior=\"zero\" data-placeholder=\"\" data-search=\"false\" aria-labelledby=\"forminator-form-1530__field--select-6_69f472faefef6-label\" aria-describedby=\"forminator-form-1530__field--select-6_69f472faefef6-description\"><option value=\"one\"  data-calculation=\"0\">Oui<\/option><option value=\"two\"  data-calculation=\"0\">Non<\/option><\/select><\/div><\/div><div id=\"select-9\" class=\"forminator-field-select forminator-col forminator-col-4 \"><div class=\"forminator-field\"><label for=\"forminator-form-1530__field--select-9_69f472faefef6\" id=\"forminator-form-1530__field--select-9_69f472faefef6-label\" class=\"forminator-label\">Bouchon<\/label><select id=\"forminator-form-1530__field--select-9_69f472faefef6\" class=\"forminator-select--field forminator-select2\" data-required=\"\" name=\"select-9\" data-default-value=\"\" data-hidden-behavior=\"zero\" data-placeholder=\"\" data-search=\"false\" aria-labelledby=\"forminator-form-1530__field--select-9_69f472faefef6-label\" aria-describedby=\"forminator-form-1530__field--select-9_69f472faefef6-description\"><option value=\"one\"  data-calculation=\"0\">Centrale<\/option><option value=\"two\"  data-calculation=\"0\">\u00e0 C\u00f4t\u00e9<\/option><\/select><\/div><\/div><div id=\"select-7\" class=\"forminator-field-select forminator-col forminator-col-4 \"><div class=\"forminator-field\"><label for=\"forminator-form-1530__field--select-7_69f472faefef6\" id=\"forminator-form-1530__field--select-7_69f472faefef6-label\" class=\"forminator-label\">La Mati\u00e8re<\/label><select id=\"forminator-form-1530__field--select-7_69f472faefef6\" class=\"forminator-select--field forminator-select2\" data-required=\"\" name=\"select-7\" data-default-value=\"\" data-hidden-behavior=\"zero\" data-placeholder=\"\" data-search=\"false\" aria-labelledby=\"forminator-form-1530__field--select-7_69f472faefef6-label\" aria-describedby=\"forminator-form-1530__field--select-7_69f472faefef6-description\"><option value=\"one\"  data-calculation=\"0\">Duplex<\/option><option value=\"two\"  data-calculation=\"0\">Triplex Aluminium M\u00e9tallis\u00e9<\/option><option value=\"Triplex-Aluminium-Matte\"  data-calculation=\"0\">Triplex Aluminium Matt<\/option><\/select><\/div><\/div><\/div><div class=\"forminator-row\"><div id=\"select-10\" class=\"forminator-field-select forminator-col forminator-col-4 \"><div class=\"forminator-field\"><label for=\"forminator-form-1530__field--select-10_69f472faefef6\" id=\"forminator-form-1530__field--select-10_69f472faefef6-label\" class=\"forminator-label\">Type de T\u00eates<\/label><select id=\"forminator-form-1530__field--select-10_69f472faefef6\" class=\"forminator-select--field forminator-select2\" data-required=\"\" name=\"select-10\" data-default-value=\"\" data-hidden-behavior=\"zero\" data-placeholder=\"\" data-search=\"false\" aria-labelledby=\"forminator-form-1530__field--select-10_69f472faefef6-label\" aria-describedby=\"forminator-form-1530__field--select-10_69f472faefef6-description\"><option value=\"one\"  data-calculation=\"0\">D1<\/option><option value=\"two\"  data-calculation=\"0\">D2<\/option><option value=\"D3\"  data-calculation=\"0\">D3<\/option><\/select><\/div><\/div><div id=\"text-1\" class=\"forminator-field-text forminator-col forminator-col-4 \"><div class=\"forminator-field\"><label for=\"forminator-field-text-1_69f472faefef6\" id=\"forminator-field-text-1_69f472faefef6-label\" class=\"forminator-label\">longeur du Tube (mm)<\/label><input type=\"text\" name=\"text-1\" value=\"\" placeholder=\"en (mm)\" id=\"forminator-field-text-1_69f472faefef6\" class=\"forminator-input forminator-name--field\" data-required=\"\" \/><\/div><\/div><div id=\"text-2\" class=\"forminator-field-text forminator-col forminator-col-4 \"><div class=\"forminator-field\"><label for=\"forminator-field-text-2_69f472faefef6\" id=\"forminator-field-text-2_69f472faefef6-label\" class=\"forminator-label\">Couleur<\/label><input type=\"text\" name=\"text-2\" value=\"\" placeholder=\"\" id=\"forminator-field-text-2_69f472faefef6\" class=\"forminator-input forminator-name--field\" data-required=\"\" \/><\/div><\/div><\/div><div class=\"forminator-row\"><div id=\"textarea-1\" class=\"forminator-field-textarea forminator-col forminator-col-12 \"><div class=\"forminator-field\"><label for=\"forminator-field-textarea-1_69f472faefef6\" id=\"forminator-field-textarea-1_69f472faefef6-label\" class=\"forminator-label\">Notes compl\u00e9mentaires<\/label><textarea name=\"textarea-1\" placeholder=\"\" id=\"forminator-field-textarea-1_69f472faefef6\" class=\"forminator-textarea\" rows=\"6\" style=\"min-height:140px;\" maxlength=\"180\" ><\/textarea><span id=\"forminator-field-textarea-1_69f472faefef6-description\" class=\"forminator-description\"><span data-limit=\"180\" data-type=\"characters\">0 \/ 180<\/span><\/span><\/div><\/div><\/div><div class=\"forminator-row\"><div id=\"html-1\" class=\"forminator-field-html forminator-col forminator-col-12 \"><div class=\"forminator-field forminator-merge-tags\" data-field=\"html-1\"><p><img decoding=\"async\" alt=\"alternatetext\" src=\"https:\/\/devlopack.com\/wp-content\/uploads\/2024\/07\/trace-modificatioon.webp\"><\/p><\/div><\/div><\/div><div class=\"forminator-row\"><div id=\"html-2\" class=\"forminator-field-html forminator-col forminator-col-12 \"><div class=\"forminator-field forminator-merge-tags\" data-field=\"html-2\"><label class=\"forminator-label\">HTML<\/label><p><img decoding=\"async\" alt=\"alternatetext\" src=\"https:\/\/devlopack.com\/wp-content\/uploads\/2024\/07\/trace3.webp\"><\/p><\/div><\/div><\/div><div class=\"forminator-row\"><div id=\"html-3\" class=\"forminator-field-html forminator-col forminator-col-12 \"><div class=\"forminator-field forminator-merge-tags\" data-field=\"html-3\"><label class=\"forminator-label\">HTML<\/label><p><img decoding=\"async\" alt=\"alternatetext\" src=\"https:\/\/devlopack.com\/wp-content\/uploads\/2024\/07\/trace2.webp\"><\/p><\/div><\/div><\/div><div class=\"forminator-row\"><div id=\"html-4\" class=\"forminator-field-html forminator-col forminator-col-12 \"><div class=\"forminator-field forminator-merge-tags\" data-field=\"html-4\"><label class=\"forminator-label\">HTML<\/label><p><img decoding=\"async\" alt=\"alternatetext\" src=\"https:\/\/devlopack.com\/wp-content\/uploads\/2024\/07\/trace5.webp\"><\/p><\/div><\/div><\/div><div class=\"forminator-row\"><div id=\"html-5\" class=\"forminator-field-html forminator-col forminator-col-12 \"><div class=\"forminator-field forminator-merge-tags\" data-field=\"html-5\"><label class=\"forminator-label\">HTML<\/label><p><img decoding=\"async\" alt=\"alternatetext\" src=\"https:\/\/devlopack.com\/wp-content\/uploads\/2024\/07\/trace4.webp\"><\/p><\/div><\/div><\/div><input type=\"hidden\" name=\"referer_url\" value=\"\" \/><div class=\"forminator-row forminator-row-last\"><div class=\"forminator-col\"><div class=\"forminator-field\"><button class=\"forminator-button forminator-button-submit\">Demander un devis<\/button><\/div><\/div><\/div><input type=\"hidden\" id=\"forminator_nonce\" name=\"forminator_nonce\" value=\"917d55c76f\" \/><input type=\"hidden\" name=\"_wp_http_referer\" value=\"\/index.php\/wp-json\/wp\/v2\/pages\/3764\" \/><input type=\"hidden\" name=\"form_id\" value=\"1530\"><input type=\"hidden\" name=\"page_id\" value=\"3764\"><input type=\"hidden\" name=\"form_type\" value=\"default\"><input type=\"hidden\" name=\"current_url\" value=\"https:\/\/devlopack.com\/index.php\/formulaire-devis\/\"><input type=\"hidden\" name=\"render_id\" value=\"0\"><input type=\"hidden\" name=\"action\" value=\"forminator_submit_form_custom-forms\"><label for=\"input_18\" class=\"forminator-hidden\" aria-hidden=\"true\">Veuillez ne pas remplir ce champ. <input id=\"input_18\" type=\"text\" name=\"input_18\" value=\"\" autocomplete=\"off\"><\/label><\/form><\/div>\n\t\t\t\t<\/div>\n\t\t\t\t<\/div>\n\t\t\t\t\t<\/div>\n\t\t\t\t<\/div>\n\t\t\t\t<\/div>\n\t\t","protected":false},"excerpt":{"rendered":"<p>Formulaire de Demande de Devis<\/p>\n","protected":false},"author":1,"featured_media":0,"parent":0,"menu_order":0,"comment_status":"closed","ping_status":"closed","template":"","meta":{"footnotes":""},"class_list":["post-3764","page","type-page","status-publish","hentry"],"aioseo_notices":[],"_links":{"self":[{"href":"https:\/\/devlopack.com\/index.php\/wp-json\/wp\/v2\/pages\/3764","targetHints":{"allow":["GET"]}}],"collection":[{"href":"https:\/\/devlopack.com\/index.php\/wp-json\/wp\/v2\/pages"}],"about":[{"href":"https:\/\/devlopack.com\/index.php\/wp-json\/wp\/v2\/types\/page"}],"author":[{"embeddable":true,"href":"https:\/\/devlopack.com\/index.php\/wp-json\/wp\/v2\/users\/1"}],"replies":[{"embeddable":true,"href":"https:\/\/devlopack.com\/index.php\/wp-json\/wp\/v2\/comments?post=3764"}],"version-history":[{"count":8,"href":"https:\/\/devlopack.com\/index.php\/wp-json\/wp\/v2\/pages\/3764\/revisions"}],"predecessor-version":[{"id":3885,"href":"https:\/\/devlopack.com\/index.php\/wp-json\/wp\/v2\/pages\/3764\/revisions\/3885"}],"wp:attachment":[{"href":"https:\/\/devlopack.com\/index.php\/wp-json\/wp\/v2\/media?parent=3764"}],"curies":[{"name":"wp","href":"https:\/\/api.w.org\/{rel}","templated":true}]}}